et r be 1840/(-1472) - 29/(-4). What is the highest common factor of r and i?
3
Let a be -4 + 2 - 4 - 0. Let d be (-2)/3 - (292/a - 6). Suppose 3*j = z + 51, -26 - 1 = -j - 3*z. What is the highest common factor of j and d?
18
Suppose -v - 10*v + 44 = 0. Suppose 233 = 3*j + 4*w, -2*j = -7*j + v*w + 335. What is the greatest common divisor of 710 and j?
71
Suppose 0 = 3*n - 2*v - 33 - 12, 30 = 2*n + 3*v. Suppose n = -x + 23. Let u = 12 - x. Calculate the highest common factor of 8 and u.
4
Let t(j) = -3*j**2 + 110*j - 605. Let d be t(7). What is the highest common divisor of d and 4032?
18
Suppose 2*x = -3*o + 62, -4*o + 6*o + 5*x - 45 = 0. What is the highest common divisor of o and 7940?
20
Let d(f) = -91*f - 2760. Let c be d(-33). What is the highest common factor of 144 and c?
9
Let z be -4 + 1031 + (-4 - -4 - 3). Calculate the highest common divisor of z and 4.
4
Suppose -50179 + 3404 - 11491 = -78*j. Calculate the greatest common divisor of j and 166.
83
Let n be 3072/160*(-690)/(-9). Let z = -691 + n. What is the highest common factor of z and 71?
71
Let y(n) = 22*n - 56. Let q be y(4). What is the highest common factor of 1424 and q?
16
Let f be 5/20 - 57/(-12). Suppose i - 5 = 0, -y - f*i = -2*i - 175. Calculate the highest common factor of 8 and y.
8
Let l be 21*((-75)/(-63) - 14/42). Calculate the highest common factor of l and 5778.
18
Let l be ((-84)/4 - 2)*(10 - 11). Suppose -l*g = -534 - 15313. Calculate the highest common divisor of g and 53.
53
Suppose -26*y = 2*q - 31*y - 7462, -4*q + 14940 = -2*y. Calculate the greatest common divisor of 12 and q.
4
Suppose -16275 = -m - 3*a, 0 = 999*m - 1001*m + 5*a + 32550. Calculate the highest common factor of 25 and m.
25
Let w(b) = -b**2 + 266*b - 10359. Let n be w(48). Suppose -15 = -x + 20. Calculate the greatest common factor of n and x.
35
Let i = 13250 - 13228. What is the greatest common factor of i and 21934?
22
Suppose 0 = g + a - 1265, 2039 = 4*g + 12*a - 3077. What is the greatest common divisor of 272 and g?
34
Let u = 23477 + -16341. Calculate the highest common factor of 80 and u.
16
Suppose n + 64 = 69. Suppose -3*i + 7 = c - n*i, -c + 3 = 2*i. Suppose 0 = 4*f + c*o - 71, -37 = -2*f + 3*o + 4. What is the highest common divisor of 76 and f?
19
Let s = -742 - -745. Suppose -5*v + s*a + 391 = 0, 6*v - 4*v - 145 = 5*a. What is the greatest common divisor of v and 100?
20
Suppose -66*j + 3351 + 1533 = 0. Calculate the highest common factor of j and 999.
37
Let g(y) = -2*y**3 + 38*y**2 - 52*y - 40. Let p be g(16). What is the greatest common divisor of p and 20?
4
Let z = 4294 + 449. What is the highest common factor of z and 93?
93
Let i be (-2 - -4 - (1 + 4)) + 3. Let w be (i + 3)/(8/(-104)). Let t = w + 55. What is the greatest common divisor of t and 40?
8
Let t(v) = -2*v + 8. Let k be t(-6). Suppose -8*r - 14*r + 10648 = 0. Let b = r + -304. Calculate the greatest common divisor of k and b.
20
Let r be ((-831)/(-6))/((-8)/(-16)). Suppose -r + 6 = -4*x + k, 3*x + 2*k = 217. Calculate the greatest common factor of x and 483.
69
Suppose 3*f - 4*f = -5. Suppose f = -u + 2*m + 7, 21 = 4*u + 5*m. What is the highest common factor of u and 22?
2
Suppose 3*z - 2*h - 31 = -0*z, 3*h + 42 = 4*z. Suppose z*x = 5*x - 52. Let o = x - -27. What is the highest common factor of o and 56?
14
Let z(y) = 45*y - 207. Let x be z(5). Calculate the highest common factor of x and 162.
18
Let m(a) = 933*a + 5092. Let k be m(-5). Calculate the greatest common factor of 1586 and k.
61
Let z be 12 + 4 + 10910 + -3. What is the highest common factor of z and 33?
33
Let s(t) = -6*t**3 + 3*t**2 - t + 15. Let a be s(-5). Let c = -431 + a. Calculate the highest common divisor of 23 and c.
23
Let v(q) = 52*q**2 - 417*q + 17. Let x be v(8). Calculate the highest common divisor of x and 729.
9
Let b(j) = j**3 + 2*j + 1. Let n be b(2). Let p(u) = u + 53. Let l be p(n). Calculate the greatest common divisor of 330 and l.
66
Suppose -2*p - 2*h + 9430 = 0, 4709 = p + 13*h - 10*h. Calculate the greatest common divisor of 42 and p.
14
Let j(x) = 2*x**2 + 18*x - 88. Let v be j(19). What is the highest common divisor of v and 232?
8
Let h be (2/(-4))/((-8)/576). Suppose h = l + 5*l. Suppose -q = -l - 9. What is the highest common divisor of q and 15?
15
Suppose 4*c = -2*f + 164, 3*c + 58 = 5*c - 5*f. Suppose 31*x + c*x = 6930. What is the greatest common divisor of x and 165?
33
Let q(n) = n**2 + 5*n - 6. Let m be q(-14). Let l = -66 + m. Suppose 110 = 3*x - 295. What is the highest common factor of l and x?
27
Let m = -1 - -5. Suppose 2*t - 8 - 22 = -4*d, m*t = -d + 95. Suppose -a + 3 = -t. Calculate the highest common divisor of a and 224.
28
Let x = -11 - -46. Suppose -43*f - 703 = -6723. Calculate the greatest common divisor of x and f.
35
Suppose 2*g = 5*w + 44, -3*w - 63 = -2*g - 11. Let b be (-582)/(-4) - (-11 - 150/(-12)). Calculate the highest common divisor of b and g.
16
Suppose 0 = 4*g - a - 478, 324*g - 322*g + 5*a - 250 = 0. Calculate the highest common divisor of 1416 and g.
24
Let x = -298 - -535. Let m = x + -231. What is the highest common factor of 4 and m?
2
Let g = 2353 - 1625. What is the greatest common factor of 26 and g?
26
Let x be -439 + (2/7)/((-20)/(-140)). Let a = -115 - x. Calculate the highest common divisor of 46 and a.
46
Let v(s) = -s**3 - 23*s**2 - 136*s - 17. Let d be v(-11). Calculate the greatest common divisor of 17 and d.
1
Let v(r) = 3*r**2 - 12*r - 4. Let f be v(6). Suppose f*w = 31*w + 8. What is the highest common divisor of 28 and w?
4
Let y = -10 + 13. Suppose y*w + a = 2*w, -a = 3*w. Suppose 11 = 2*i - 5*x, w = -3*i + 2*x + 16 + 17. What is the highest common divisor of i and 143?
13
Suppose 0 = 2*f - 2*m + m - 7537, -5*f + 5*m = -18855. What is the greatest common divisor of 14 and f?
14
Let q be (400/32 - -29)*(4 - 0)*1. What is the highest common divisor of 9213 and q?
83
Suppose -11*h + 4 = -10*h. Suppose 0 = -z + h*k + 245, 8*k - 4*k - 430 = -2*z. Calculate the greatest common divisor of z and 15.
15
Suppose 1193*y = 1203*y - 90. Calculate the greatest common divisor of y and 111.
3
Let d = 263 + -260. Suppose 2*m = 2*i - 274, d*i - m - 409 = -0*i. What is the greatest common factor of 17 and i?
17
Let i(o) = 2*o**2 - 126*o + 627. Let y be i(58). Let x be 1/(-5) - (-6112)/10. Calculate the highest common factor of y and x.
47
Let h(y) = 4*y**2 + 34*y - 20. Let f be h(-9). Let c be f + (6 - -65) - 6. Calculate the greatest common divisor of 189 and c.
63
Let c = -7382 + 7388. What is the highest common factor of 2187 and c?
3
Suppose 43*n + 13*n - 334 - 282 = 0. Calculate the greatest common factor of n and 10373.
11
Let r(m) = -m**3 - 149*m**2 + 288*m - 281. Let f be r(-151). What is the greatest common factor of f and 517?
47
Let x(p) = -6*p + 77. Let w be x(12). Let j(s) = -10*s + 111. Let d be j(w). Calculate the greatest common factor of 61 and d.
61
Suppose -733 = -l + 6*o - 7*o, 0 = -4*l + 5*o + 2977. Let r = -528 + l. Calculate the highest common factor of r and 42.
42
Suppose 3*j = 4*g + 157, -5*j = -3*g + 2*g - 273. Suppose 72*m - 77*m + 825 = 0. Calculate the highest common divisor of m and j.
55
Let q = 950 - 904. Let r = 240 + -125. Calculate the highest common factor of r and q.
23
Let y = 247 - 254. Let a(p) = 10*p**2 + 69*p + 19. Let d be a(y). What is the greatest common factor of d and 182?
26
Let x be (-48)/4 + 11 + (1641 - 7). Calculate the greatest common divisor of x and 142.
71
Let l be 7/(-1) - (-16 + -5). Let h be 704/(-28)*l/(-4). Calculate the highest common divisor of 11 and h.
11
Let i = 269 + -143. Let c be 84/i*354/4. What is the greatest common factor of c and 1?
1
Let d be -18*(-3)/15*-2*(-25)/30. Let n(m) = m**3 + m**2. Let s be n(1). What is the highest common factor of d and s?
2
Suppose -w + 0*w + 58 = 3*b, -4*b = -w - 68. Suppose 24*q - 180 = b*q. Calculate the greatest common divisor of q and 150.
30
Suppose 4*x = 5*p - 463, -2*p - 5*x - 48 = -187. Let j(o) = -186*o**3 - o**2 + 2*o - 1. Let k be j(-2). Calculate the greatest common divisor of p and k.
87
Let r = 102 + -80. Suppose -24*z + r*z = 378. Let d = 343 + z. What is the greatest common factor of 14 and d?
14
Let b be ((-100)/(-8))/(-5) + 22475/62. What is the great